{"id":926,"date":"2018-05-22T13:01:35","date_gmt":"2018-05-22T11:01:35","guid":{"rendered":"https:\/\/www.kurtzangl-art.com\/?page_id=926"},"modified":"2022-12-08T20:30:44","modified_gmt":"2022-12-08T19:30:44","slug":"datenschutzerklaerung","status":"publish","type":"page","link":"https:\/\/kurtzangl-art.com\/?page_id=926","title":{"rendered":"Datenschutzerkl\u00e4rung"},"content":{"rendered":"<p>Der Websitebetreiber nimmt Ihren Datenschutz sehr ernst und behandelt Zugriffsdaten sowie personenbezogene Daten vertraulich und entsprechend den gesetzlichen Vorschriften.&nbsp;Bedenken Sie, dass die Daten\u00fcbertragung im Internet grunds\u00e4tzlich mit Sicherheitsl\u00fccken behaftet sein kann. Ein vollumf\u00e4nglicher Schutz vor dem Zugriff durch Fremde ist nicht realisierbar.<\/p>\n<p><strong class=\"text-strong\">Geltungsbereich<\/strong><br \/>\nDiese Datenschutzerkl\u00e4rung soll die Nutzer dieser Website gem\u00e4\u00df Bundesdatenschutzgesetz und Telemediengesetz \u00fcber die Art, den Umfang und den Zweck der Erhebung und Verwendung personenbezogener Daten durch den Websitebetreiber informieren.<\/p>\n<p><strong class=\"text-strong\">Zugriffsdaten&nbsp;<\/strong><br \/>\nDer Websitebetreiber erhebt Daten \u00fcber Zugriffe der Nutzer und speichert diese als \u201eServer-Logfiles\u201c ab. Folgende Daten werden so protokolliert:<\/p>\n<div class=\"content pages-content\" style=\"text-align: justify;\">1) Besuchte Website<br \/>\n2) Uhrzeit zum Zeitpunkt des Zugriffes<br \/>\n3) Menge der gesendeten Daten in Byte<br \/>\n4) Quelle\/Verweis, von welchem Sie auf die Seite gelangten<br \/>\n5) Verwendeter Browser<br \/>\n6) Verwendetes Betriebssystem<br \/>\n7) Verwendete IP-Adresse<\/div>\n<div><\/div>\n<div class=\"content pages-content\" style=\"text-align: justify;\">Die erhobenen Daten dienen lediglich statistischen Auswertungen und zur Verbesserung der Website.<\/div>\n<div class=\"content pages-content\" style=\"text-align: justify;\">Der Websitebetreiber beh\u00e4lt sich allerdings vor, die Server-Logfiles nachtr\u00e4glich zu \u00fcberpr\u00fcfen, sollten konkrete Anhaltspunkte auf eine rechtswidrige Nutzung hinweisen.<\/div>\n<p>&nbsp;<\/p>\n<p><strong class=\"text-strong\">Cookies<\/strong><br \/>\nDiese Website verwendet Cookies. Dabei handelt es sich um kleine Textdateien, welche auf Ihrem Endger\u00e4t gespeichert werden. Ihr Browser greift auf diese Dateien zu. Durch den Einsatz von Cookies erh\u00f6ht sich die Benutzerfreundlichkeit und Sicherheit dieser Website. G\u00e4ngige Browser bieten die Einstellungsoption, Cookies nicht zuzulassen. Hinweis: Es ist nicht gew\u00e4hrleistet, dass Sie auf alle Funktionen dieser Website ohne Einschr\u00e4nkungen zugreifen k\u00f6nnen, wenn Sie entsprechende Einstellungen vornehmen<\/p>\n<p><strong class=\"text-strong\">Umgang mit pers\u00f6nlichen Kontaktdaten\/Daten<\/strong><\/p>\n<p>Sie k\u00f6nnen nur per Email mit mir in Kontakt treten. Beim Besuch meiner Website werden keinerlei pers\u00f6nliche Daten abgefragt und\/oder gespeichert.<\/p>\n<p><strong class=\"text-strong\">Social-Media-Plugins und Newsletter<\/strong><br \/>\nMeine Website nutzt weder Social-Media-Plugins (wie z. B. Facebook, Twitter usw.) noch bietet es einen Newsletter an. Es werden auch keine Daten an Dritte weitergegeben, um beispielsweise das Online-Angebot&nbsp; zu analysieren und\/oder zu optimieren.<\/p>\n<p><strong class=\"text-strong\">Rechte des Nutzers: <\/strong><\/p>\n<p><strong class=\"text-strong\">Auskunft, Berichtigung und L\u00f6schung<\/strong><br \/>\nSie als Nutzer erhalten auf Antrag Ihrerseits kostenlose Auskunft dar\u00fcber, welche personenbezogenen Daten \u00fcber Sie gespeichert wurden. Sofern Ihr Wunsch nicht mit einer gesetzlichen Pflicht zur Aufbewahrung von Daten (z. B. Vorratsdatenspeicherung) kollidiert, haben Sie ein Anrecht auf Berichtigung falscher Daten und auf die Sperrung oder L\u00f6schung Ihrer personenbezogenen Daten.<\/p>\n<h4>Widersspruchsrecht<\/h4>\n<p>Nutzer dieser Webseite k\u00f6nnen von ihrem Widerspruchsrecht Gebrauch machen und der Verarbeitung ihrer personenbezogenen Daten zu jeder Zeit widersprechen. Wenn Sie eine Berichtigung, Sperrung, L\u00f6schung oder Auskunft \u00fcber die zu Ihrer Person gespeicherten personenbezogenen Daten w\u00fcnschen oder Fragen bzgl. der Erhebung, Verarbeitung oder Verwendung Ihrer personenbezogenen Daten haben oder erteilte Einwilligungen widerrufen m\u00f6chten, wenden Sie sich bitte an folgende E-Mail-Adresse:&nbsp;<a href=\"mailto:art@kurtzangl.com\">art@kurtzangl.com<\/a><\/p>\n<div class=\"content pages-content\" style=\"text-align: justify;\">\n<p><strong class=\"text-strong\">\u00c4nderung unserer Datenschutzbestimmungen<\/strong><br \/>\nIch behalten mir vor, diese Datenschutzerkl\u00e4rung gelegentlich anzupassen, damit sie stets den aktuellen rechtlichen Anforderungen entspricht oder um \u00c4nderungen unserer Leistungen in der Datenschutzerkl\u00e4rung umzusetzen, z. B. bei der Einf\u00fchrung neuer Services.<\/p>\n<\/div>\n","protected":false},"excerpt":{"rendered":"<p>Der Websitebetreiber nimmt Ihren Datenschutz sehr ernst und behandelt Zugriffsdaten sowie personenbezogene Daten vertraulich und entsprechend den gesetzlichen Vorschriften.&nbsp;Bedenken Sie, dass die Daten\u00fcbertragung im Internet grunds\u00e4tzlich mit Sicherheitsl\u00fccken behaftet sein kann. Ein vollumf\u00e4nglicher Schutz&#46;&#46;&#46;<\/p>\n","protected":false},"author":2,"featured_media":0,"parent":0,"menu_order":0,"comment_status":"closed","ping_status":"closed","template":"","meta":[],"_links":{"self":[{"href":"https:\/\/kurtzangl-art.com\/index.php?rest_route=\/wp\/v2\/pages\/926"}],"collection":[{"href":"https:\/\/kurtzangl-art.com\/index.php?rest_route=\/wp\/v2\/pages"}],"about":[{"href":"https:\/\/kurtzangl-art.com\/index.php?rest_route=\/wp\/v2\/types\/page"}],"author":[{"embeddable":true,"href":"https:\/\/kurtzangl-art.com\/index.php?rest_route=\/wp\/v2\/users\/2"}],"replies":[{"embeddable":true,"href":"https:\/\/kurtzangl-art.com\/index.php?rest_route=%2Fwp%2Fv2%2Fcomments&post=926"}],"version-history":[{"count":27,"href":"https:\/\/kurtzangl-art.com\/index.php?rest_route=\/wp\/v2\/pages\/926\/revisions"}],"predecessor-version":[{"id":1041,"href":"https:\/\/kurtzangl-art.com\/index.php?rest_route=\/wp\/v2\/pages\/926\/revisions\/1041"}],"wp:attachment":[{"href":"https:\/\/kurtzangl-art.com\/index.php?rest_route=%2Fwp%2Fv2%2Fmedia&parent=926"}],"curies":[{"name":"wp","href":"https:\/\/api.w.org\/{rel}","templated":true}]}}